i(s) + k(s). List the prime factors of u(-8).
41
Let s = 19187 + -12262. List the prime factors of s.
5, 277
Let f(t) be the first derivative of -14*t**2 - 59*t + 105. List the prime factors of f(-3).
5
Suppose -3*l - 5*d + 17 = -0*l, -2*d + 5 = 3*l. Suppose 3*r + 75 = -2*r + 5*s, -2*r = 4*s - 12. What are the prime factors of (l + (-108)/16)*r?
2, 31
Suppose 29267 = n - 2*b, 43*n - 47*n + 2*b + 117110 = 0. What are the prime factors of n?
7, 47, 89
Let q(p) = -5879*p - 235. What are the prime factors of q(-3)?
2, 7, 11, 113
Let y(f) = 693*f - 1550. What are the prime factors of y(5)?
5, 383
Suppose 125*m + 164*m - 6109749 = 0. List the prime factors of m.
3, 29
Let o(v) = -66 - 25 - 30*v + 11 + 0*v. List the prime factors of o(-4).
2, 5
Let w be (-18)/15 + (-3)/(-15). Let s(a) = 3*a - 6*a**2 + 2*a**2 + 5*a**2 - 30*a**3 + 1. List the prime factors of s(w).
29
Let j(m) be the first derivative of 1/3*m**3 + 2 + 4*m - 1/2*m**2. List the prime factors of j(9).
2, 19
Suppose 0 = -11*d + 435 + 203. Let r = d - -530. What are the prime factors of r?
2, 3, 7
Suppose 3*d + 4*d = 0. Suppose k - 3*f + d*f - 14 = 0, k + 3*f = -10. Suppose 0 = -4*w + 2*w - k*s + 128, 317 = 5*w + 2*s. List the prime factors of w.
3, 7
Let x(r) = 20*r**2 - 4*r - 2 + 1 + 2*r. Let z = -542 - -544. List the prime factors of x(z).
3, 5
Suppose 0*r + k + 88 = 5*r, 0 = r + k - 14. Suppose -2*v - r*p + 1766 = -12*p, 3*v - 2615 = p. What are the prime factors of v?
3, 97
Let n be 8/(1 - 6/(-6)). Suppose -n*o - 87 = -131. What are the prime factors of o?
11
List the prime factors of (102/(-255))/(8/(-222860)).
11, 1013
Suppose -232*x - 5340 = -235*x. Suppose h - 888 = k, 2*h - 12*k = -9*k + x. What are the prime factors of h?
2, 13, 17
Let p(d) = d + 19. Let c be p(-6). Suppose -22 = -5*z - 4*b + c, -5*b + 31 = 2*z. Suppose -z*x + 627 = -3*m, -4*m + m = -2*x + 420. List the prime factors of x.
3, 23
Let v(z) = -1771*z + 6845. List the prime factors of v(-11).
2, 13163
Suppose b + 4*o = 38767, -5*b + 337*o = 333*o - 193667. What are the prime factors of b?
3, 37, 349
Suppose 1340*u = 1326*u + 337008. What are the prime factors of u?
2, 3, 17, 59
List the prime factors of 8/1 + 7782*425/75.
2, 3, 7351
Suppose -4*w = 5*a - 13214, -a + 2632 = 25*w - 23*w. List the prime factors of a.
2, 5, 53
Suppose -f - g + 831 = -2*g, -5*f - 4*g = -4173. Let b = -492 + f. What are the prime factors of b?
11, 31
Let x(s) = -s**3 + 21*s**2 + 14*s + 10. Let a = 144 - 123. List the prime factors of x(a).
2, 19
Let q be (-205)/65 - 4/(-26). List the prime factors of ((-12232)/24 - q)*(-36)/15.
2, 19
Suppose -13*x + 12 = -7*x. Suppose -4*b - 5 = -0*w - 3*w, -x*b - 20 = 2*w. List the prime factors of (808/4)/2 - (3 + b).
103
Suppose 125*s + 930 = 119*s. Let n = s + 223. List the prime factors of n.
2, 17
Let p be (-1260)/(-91) - (3 - (-123)/(-39)). Suppose 0 = -16*a - p*a + 5400. What are the prime factors of a?
2, 3, 5
Suppose -6*t - 80 = 4*t. What are the prime factors of t/14 - (-12064)/91 - -2?
2, 67
Let u = 726 - -69. Suppose -5*r = -u - 45. List the prime factors of r.
2, 3, 7
Suppose -9*q + 60204 = -5*q + 4*x, -75247 = -5*q - 6*x. List the prime factors of q.
11, 37
Let m(i) be the second derivative of i**4/12 + 2*i**3/3 - 4*i**2 + 38*i. Let a be m(-5). List the prime factors of 40*(2 + a)*(-1 + -1).
2, 5
Let k(g) = 4 - 10*g**2 - 10*g - 8*g + 3*g - 2 - 4*g**3 + 0*g**3. What are the prime factors of k(-7)?
23, 43
Let v(t) = -18*t**3 + 5*t**2 + t - 2. Let r be v(3). Let g = -201 - r. Let o = g + -109. List the prime factors of o.
2, 5, 13
Let h = -36714 + 67751. What are the prime factors of h?
41, 757
Let j = 3080 + 2080. List the prime factors of j.
2, 3, 5, 43
Let t(m) = m**2 - 4*m - 5. Let j be 4/16 - ((-1100)/16 + -1). Suppose 3*a - j = -49. List the prime factors of t(a).
2
Let v be (-197)/4 - ((-15)/(-20))/1. Let i = v + 51. List the prime factors of -1 + (-1875)/(-18) + i/(-6).
103
Let x = -123 - -135. Suppose -x*s = -9468 - 3048. List the prime factors of s.
7, 149
Suppose 3*a = -4*u - u + 6, -5*a = 2*u - 29. Suppose -5*n = -3*g + 114, -a = 5*n + 8. List the prime factors of (g/9)/(3 + (-240)/81).
3, 11
Suppose 12*v - 14*v = -230. Let l = v - -2. What are the prime factors of l?
3, 13
Suppose -1005978 = -87*a + 158865. What are the prime factors of a?
3, 4463
Let p = 208 + -208. Suppose p = -2*i + 114 + 426. What are the prime factors of i?
2, 3, 5
Let r be (-3 - -6) + 2*1. Suppose r*g - 2020 - 815 = 0. List the prime factors of g.
3, 7
Suppose -9*s = -0*s - 36. Suppose s*h = -3*i + 130 + 1557, -1684 = -3*i - h. List the prime factors of i.
3, 11, 17
Let w(g) = g + 2. Let q be w(3). Suppose -q*k - 11 = 2*n, -k - 10 = -5*n + 30. Let j(t) = -t**2 + 8*t + 10. List the prime factors of j(n).
17
Suppose -x - 5*q - 1758 = -70206, 5*x - q = 342422. List the prime factors of x.
68483
Let a = -202 - -209. Suppose a*f - 1192 = -506. What are the prime factors of f?
2, 7
Suppose g = 2*n + 12542 - 2950, 0 = -4*g - 2*n + 38438. What are the prime factors of g?
2, 3, 1601
Suppose 248*m + 4006 = 250*m. Suppose -7*f = -m - 3527. What are the prime factors of f?
2, 5, 79
Let g be 1*384*(-51)/17. Let j be g/(-45) - 4/(-10). Let t = j + -20. List the prime factors of t.
2, 3
Suppose 4*f - 90673 = -16*f + 95807. What are the prime factors of f?
2, 3, 7, 37
Let o = -27301 - -54419. What are the prime factors of o?
2, 7, 13, 149
What are the prime factors of (2 + -261)/((-1570)/260 - -6)?
2, 7, 13, 37
Suppose -768 = -8*z + 16. Suppose 4*y - 49 = -m + 191, 5*m = 2*y - z. What are the prime factors of y?
59
Let g(z) = 154*z - 342. List the prime factors of g(8).
2, 5, 89
Suppose -3*n + 11 = i, -8 - 5 = -i - n. Suppose -i*h + 1254 = -1028. Let a = 374 - h. List the prime factors of a.
211
Let p(w) = -50*w**2 - 1524*w + 4. What are the prime factors of p(-6)?
2, 11, 167
Let w be 3 + (-7)/((-63)/(-72)). Let i(p) = -5*p**3 - p**2 + 21*p - 8. What are the prime factors of i(w)?
487
Suppose 7*b - 207 - 3888 = 0. Suppose 3*a = 4*l - 0*l + b, 2*a - 401 = -l. List the prime factors of a.
199
Suppose -37*y + 29*y + 160 = 0. Suppose -4*n = y, 3*n + 9 = 2*z + 8*n. List the prime factors of z.
17
Let r(s) = -s**3 - 2*s**2 - 4*s - 18. Let a be r(-3). List the prime factors of (-2782)/a*17/((-102)/9).
13, 107
List the prime factors of ((-1431)/(-6))/((342/(-528))/(-19)).
2, 3, 11, 53
Let p(q) = 13*q - 120. Let r be p(-5). Suppose 426 + 1043 = 5*d - 2*j, 2*d = -3*j + 580. Let u = r + d. What are the prime factors of u?
2, 3
Let j be ((256/(-48))/(-16))/((-1)/6). Let c(r) = -239*r**3 + r**2 - 4*r - 12. List the prime factors of c(j).
2, 239
Let t be 50 - 6*6/9. Suppose 20 - t = 2*z. Let c = z - -39. List the prime factors of c.
2, 13
Suppose 71*y - 498 = 2058. What are the prime factors of y?
2, 3
Let t(p) = 2*p**2 - 4*p + 18. Let b be t(3). List the prime factors of (856/b)/(74/36 - 2).
2, 3, 107
Let k be ((-18122)/(-4))/(-17)*-6. Suppose i - 3021 = -k. What are the prime factors of i?
2, 3, 79
Let p = 325 - 32. Let q = p - 143. What are the prime factors of (q/5)/((-2)/(-2))?
2, 3, 5
What are the prime factors of 5034 - ((-3 - (-16 - -8)) + -11)?
2, 3, 5, 7
What are the prime factors of (-3 + 1692/24)*1956/10?
3, 163
Suppose -p + 2*o - 172 - 92 = 0, -4*o - 1116 = 4*p. List the prime factors of (-58)/261 + p/(-18).
3, 5
Suppose 0 = 10*c - 7147 + 1367. Suppose -8*s + c + 6990 = 0. What are the prime factors of s?
2, 11, 43
Let t(o) = -3093*o - 478. List the prime factors of t(-4).
2, 19, 313
Let f(d) = 3*d**2 + 2*d + 118. Let o be f(0). Suppose -b + 0*b = -3. Suppose -b*x + o = -389. What are the prime factors of x?
13
Let j(z) = 8*z**2 + 19*z + 48. What are the prime factors of j(-26)?
2, 3, 827
Let j = 1151 - 64. What are the prime factors of j?
1087
Let b be (-1 - 50) + 0*5/40. Let g = -11 - b. List the prime factors of (24/(-8) - (-1 - g)) + -2.
2, 3
Let g be 662/(4 - (-13)/(13/(-6))). Let l = g - -816. List the prime factors of l.
5, 97
Let g be 1 + (-1 - (0 + -244)). Suppose g + 20 = 4*y. List the prime factors of (-1456)/(-22) - ((-12)/y)/(-1).
2, 3, 11
List the prime factors of 147/(-539) - (-438114)/22.
2, 3, 3319
Let n(c) = 4*c**3 - 9 - 7*c - 8*c**2 + 5*c**2 - 6*c**2 + 0*c**3. List the prime factors of n(6).
3, 163
Let 